m = -1243 + 857. What are the prime factors of 1 - (m - 2 - 6)?
5, 79
Let d(k) = k**2 - k - 1. Let c(t) = -3*t**2 + 14*t + 53. Let y(p) = c(p) + 4*d(p). List the prime factors of y(-13).
2, 11
Suppose 121 = 5*t - 114. Let v = 80 - t. Suppose 3*f - 171 = -v. What are the prime factors of f?
2, 23
Let u(t) = t**3 - 84*t**2 + 265*t - 11. What are the prime factors of u(86)?
37571
Let f(x) = -54*x - 102. Let o be f(6). What are the prime factors of (-96)/24 - (o - (1 - 2))?
421
Let s(h) = 7 - 1 + 4 - 3 - h**2 - 2*h - 2*h. Suppose -2*v - 9 = -1. List the prime factors of s(v).
7
What are the prime factors of (78/(-52))/(7/((-1080912)/18))?
2, 3217
Let f(z) be the third derivative of 7*z**6/6 - z**5/60 - z**3/3 - 164*z**2. List the prime factors of f(2).
2, 557
Suppose -20 = 3*w - 8, -4 = y + 3*w. Suppose -y*z + 795 = -53. What are the prime factors of z?
2, 53
Suppose -7*h + 4*h = -492. Suppose -190 = -5*w + 2*n - 4*n, -4*n = 4*w - h. Suppose 10*b - 754 = w. List the prime factors of b.
79
What are the prime factors of (-67779)/(-8) + (-8)/(512/24)?
2, 3, 353
Let r be (-333)/(5 + (-259)/56). Let v = -487 - r. List the prime factors of v.
401
Let l be 3 + (-94 - 3) + -3 + -1. List the prime factors of (3280 - 1)*(-2 + l/(-42)).
1093
Let c = 47 - 40. Suppose -912 = g - c*g. List the prime factors of g.
2, 19
Let a(t) = 424*t - 1766. List the prime factors of a(64).
2, 5, 43, 59
Let h = -34 - -37. Suppose h*j = j + 50. What are the prime factors of j?
5
Let p(c) = -c**2 - 17*c - 15. Let f be p(-9). Suppose 24*w - 27*w = -f. What are the prime factors of w?
19
Suppose -4*q + 4*n = -91236, 0 = 4*q - 37*n + 41*n - 91292. List the prime factors of q.
2, 23, 31
Let a(z) = 3*z**2 - 4*z + 11. Let l be a(-6). Suppose -2*x - 2*b - 218 = 0, 0 = 42*x - 39*x - 5*b + 295. Let y = x + l. What are the prime factors of y?
2, 19
Let s(b) be the first derivative of b**4/4 - 11*b**3/3 - 11*b**2/2 - 3*b - 5. Let q be s(12). Suppose 80 + 550 = q*x. What are the prime factors of x?
2, 5, 7
Let j(l) be the second derivative of -35*l**3 - 177*l**2/2 - 6*l - 9. What are the prime factors of j(-5)?
3, 97
Let d = 8551 - 5445. What are the prime factors of d?
2, 1553
Let m(g) = 396*g**2 + 115*g + 21. What are the prime factors of m(6)?
3, 1663
Suppose 247 = 5*i + 3*t - 249, 3*i - 4*t - 315 = 0. Let q = 1218 + -1216. Suppose -d = -b + i, -q*d + 510 - 136 = 4*b. What are the prime factors of b?
2, 3
Suppose 2*q - 5*w + 1940 = -3*w, -5*q - 4*w - 4877 = 0. Let v = q - -1931. Suppose 9*n - v = -184. What are the prime factors of n?
2, 43
Let o(c) be the third derivative of c**5/60 + c**4/6 + 3*c**3/2 - 7*c**2. Let u(t) = t**3 + 11*t**2 + 2*t + 18. Let g be u(-11). List the prime factors of o(g).
3
Let d(j) = -16500*j + 1187. List the prime factors of d(-5).
53, 1579
Suppose 4*d = 16, -4*n + 316 = -0*n - 5*d. What are the prime factors of 23121/n*(-8)/(-3)?
2, 367
Let n(v) = 2*v - 71. Let z be n(38). Suppose 5*f = 2*f + 228. Suppose -4*a - f = -z*a. List the prime factors of a.
2, 19
Let k(z) = -z + 1. Let o be k(5). Let y(t) = -t**3 - 30*t**2 - 38*t - 271. Let i be y(-29). List the prime factors of 119 - (o + 1 + i/(-2)).
3, 13
Suppose -414*h + 395*h = -25270. What are the prime factors of h?
2, 5, 7, 19
Suppose 0*y - 3*y = -3*a - 2610, -5*a - 2610 = -3*y. Let z = y + -534. Suppose l = -3*s - 4*l + z, 243 = 2*s - 3*l. List the prime factors of s.
3, 13
Let m(y) = 855*y + 760. List the prime factors of m(12).
2, 5, 19, 29
Let z be ((-2)/5)/((-5)/25). Let k be z*(-2)/(20/(-15)). What are the prime factors of (-7)/(3/((-9)/k))?
7
Let g = 78 - -195. Let b = 167 + g. What are the prime factors of b?
2, 5, 11
Let f(d) = -163*d - 77. Let n be -7 - (-10 - (7 + -14)). List the prime factors of f(n).
5, 23
Suppose 0 = -128*r + 29207 + 11113. List the prime factors of r.
3, 5, 7
Suppose 3*u = -5*u + 744. Suppose 3*d + 507 + u = 0. Let s = 339 + d. What are the prime factors of s?
139
Let r = -359 - -359. Suppose -5*b + 3*a + 247 + 2305 = r, 4*a - 2524 = -5*b. List the prime factors of b.
2, 127
Suppose 3*x + 1721 = 5*k, k + 2*x = 482 - 130. What are the prime factors of k?
2, 173
Suppose 751*z - 745*z - 2688 = 0. List the prime factors of z.
2, 7
Let x(u) = u**3 + 14*u**2 - 2*u - 41. Let y = -60 + 68. Suppose 137 = -y*a + 41. List the prime factors of x(a).
271
Let x be 1/27*87 + 6/(-27). Suppose -3*o + 8 = -4*o + 5*n, 8 = x*o + n. Suppose -2*b = -3*g - 188, -o*g + 432 = 2*b + 3*b. What are the prime factors of b?
2, 11
Suppose -70*r + 64 = -62*r. What are the prime factors of (2/(r/(-3)))/(5/(-6340))?
3, 317
Let y be (495/(-18))/11*12/(-10). What are the prime factors of y*(-6)/(-18) - -744?
5, 149
Let p(z) = 3*z**2 - 50*z + 21. Let g(s) = s + 7. Let v be g(2). Let n be (v + -7)/(2/20). What are the prime factors of p(n)?
13, 17
Suppose 4*u = 5*a - 12683, 0 = 3*a - 2*u - 3723 - 3886. What are the prime factors of a?
3, 5, 13
Let m be (5/(-25))/((-1)/55). Suppose -y - 5170 = -m*y. What are the prime factors of y?
11, 47
Let o(y) = 31*y**3 + y**2. Let k be o(-1). Let n = -1278 - -1360. Let z = n - k. What are the prime factors of z?
2, 7
Suppose -2*i = -3*i - 2*l + 24, -3*l = -9. List the prime factors of (i/21)/(1/35).
2, 3, 5
Let y be (-1)/(-2)*0 + 8. Let w(s) = -3 + 2219*s - 1110*s - 1108*s. List the prime factors of w(y).
5
Let f(y) = 10*y**2 - 2*y - 1. Let m be f(-3). Suppose 4*s - v - 163 = -400, 0 = -2*s - 5*v - 135. Let i = m + s. What are the prime factors of i?
5, 7
Suppose -42*n + 12*n + 1090516 - 398776 = 0. List the prime factors of n.
2, 3, 7, 61
Let w = 603 - 431. Suppose 0*p + 2*p = u - w, -3*u + 4*p = -506. Suppose 260 = 4*s - 2*c, 3*s - u = 2*c + 35. List the prime factors of s.
3, 7
Let i(l) = -6*l**2 + l**3 - 2*l + l**3 + 7*l**2 - l**3 + 9. List the prime factors of i(6).
3, 83
Let g(q) = -q**3 - 8*q**2 - 8*q - 9. Suppose -14*p = -4*p + 70. Let v be g(p). List the prime factors of v + ((-26)/(-6))/(16/288).
2, 19
Suppose -29196 = 11*o - 29*o. What are the prime factors of o?
2, 811
Suppose 25*w = 26*w + 4*o - 8532, -2*o - 42638 = -5*w. What are the prime factors of w?
2, 13, 41
Let h(c) = -c**3 - 11*c**2 - 4*c - 48. Let t be h(-11). Let j(w) = 14*w**2 - 7*w - 5. What are the prime factors of j(t)?
13, 19
Let b(n) = 2012*n**2 - 71*n - 71. What are the prime factors of b(-1)?
2, 503
Let z = 1 + 3. Let y(g) = 35*g + 16*g - 29*g + 4 + 13*g - 6. List the prime factors of y(z).
2, 3, 23
Suppose -17628 = 6*w - 2682. Let h = -1182 - w. List the prime factors of h.
7, 11, 17
Let v be 4/(-1 + -1 - (-9)/3). Suppose 0 = -2*i - i + 2*x + v, 2*i - 4*x = 8. Suppose i = 10*l - 279 - 81. List the prime factors of l.
2, 3
Let d be (-84)/9*(-9)/6. Suppose 493 = -d*t + 14409. List the prime factors of t.
2, 7, 71
Suppose -4 = n - 3*n. Let z be ((-64)/12 + 4)*(-759)/n. Suppose -2*u + 76 + 166 = 5*l, l = 4*u - z. What are the prime factors of u?
2, 3, 7
Let y = 216 + -212. List the prime factors of ((-16)/(-8) - y) + 0 + 136.
2, 67
Suppose -2*q + 2 = -2*v - 16, 2*q - 18 = -4*v. Suppose 9*k - 3276 = -q*k. List the prime factors of k.
2, 7, 13
Let c = 45 - 39. Let z(h) = -h**2 + 2*h + 18. Let i be z(c). List the prime factors of (-3)/(i + 2 - -3) - -88.
7, 13
Let i(z) = 28*z + 47. Let k be i(-2). List the prime factors of (-3 + (-26)/6)/(2/k).
3, 11
Suppose -3*x - 4*r = 9, r = 3*x + 2*r. Let z = x + -13. Let u = 72 + z. List the prime factors of u.
2, 3, 5
Suppose 0*g = -5*g - 4*r + 160, 5*g - 4*r - 160 = 0. Suppose -292 = -g*z + 28*z. What are the prime factors of z?
73
Suppose 0 = -19*r + 5*c + 404448, -r + 118*c = 119*c - 21288. What are the prime factors of r?
7, 3041
Let i = 195 - 166. Suppose 0 = -5*h + 2716 + i. What are the prime factors of h?
3, 61
Suppose -11*w + 14*w - 4179 = 0. Suppose -1417 = -4*i + s - 4*s, -4*i + w = -5*s. Suppose i = 4*v - 0*v. What are the prime factors of v?
2, 11
Suppose -3*l + 9 - 60 = -3*h, -h = l + 21. Let b = 145 - 249. Let x = l - b. List the prime factors of x.
5, 17
Suppose 19*b - b - 110194 = 89192. List the prime factors of b.
11, 19, 53
Suppose 376 + 168 = 17*x. Suppose -x*j = a - 28*j - 306, 5*j = -a + 302. What are the prime factors of a?
2, 7, 23
Let n(z) = -z**3 + 37*z**2 + 2*z - 70. Let r be n(37). Suppose -2*x - 31*c = -28*c - 873, -4*c = r*x 